{"id":2,"date":"2009-09-28T15:33:08","date_gmt":"2009-09-28T13:33:08","guid":{"rendered":"http:\/\/blog.quelplacement.fr\/?page_id=2"},"modified":"2009-10-20T14:12:06","modified_gmt":"2009-10-20T12:12:06","slug":"a-propos","status":"publish","type":"page","link":"https:\/\/www.quelplacement.fr\/blog\/index.php\/a-propos\/","title":{"rendered":"\u00c0 propos"},"content":{"rendered":"<p>quelplacement.fr est un site<a href=\"http:\/\/www.quelplacement.fr\"> d&rsquo;information sur les investissements financiers et immobiliers<\/a>, proposant \u00e9galement des outils gratuits de simulation de placement. Il a pour objectif de faciliter la gestion de patrimoine, en d\u00e9cryptant les placements possibles pour votre \u00e9pargne. Les simulations financi\u00e8res disponibles permettent \u00e9galement d&rsquo;illustrer ce d\u00e9cryptage par l&rsquo;exemple.<\/p>\n<p>De son c\u00f4t\u00e9, ce blog a pour but de pr\u00e9senter au quotidien l&rsquo;actualit\u00e9 de la gestion du patrimoine, et d&rsquo;apporter un compl\u00e9ment d&rsquo;information et d&rsquo;explications \u00e0 notre site principal.<\/p>\n","protected":false},"excerpt":{"rendered":"<p>quelplacement.fr est un site d&rsquo;information sur les investissements financiers et immobiliers, proposant \u00e9galement des outils gratuits de simulation de placement. Il a pour objectif de faciliter la gestion de patrimoine, en d\u00e9cryptant les placements possibles pour votre \u00e9pargne. Les simulations financi\u00e8res disponibles permettent \u00e9galement d&rsquo;illustrer ce d\u00e9cryptage par l&rsquo;exemple. De son c\u00f4t\u00e9, ce blog a [&hellip;]<\/p>\n","protected":false},"author":1,"featured_media":0,"parent":0,"menu_order":0,"comment_status":"closed","ping_status":"closed","template":"","meta":[],"tags":[],"_links":{"self":[{"href":"https:\/\/www.quelplacement.fr\/blog\/index.php\/wp-json\/wp\/v2\/pages\/2"}],"collection":[{"href":"https:\/\/www.quelplacement.fr\/blog\/index.php\/wp-json\/wp\/v2\/pages"}],"about":[{"href":"https:\/\/www.quelplacement.fr\/blog\/index.php\/wp-json\/wp\/v2\/types\/page"}],"author":[{"embeddable":true,"href":"https:\/\/www.quelplacement.fr\/blog\/index.php\/wp-json\/wp\/v2\/users\/1"}],"replies":[{"embeddable":true,"href":"https:\/\/www.quelplacement.fr\/blog\/index.php\/wp-json\/wp\/v2\/comments?post=2"}],"version-history":[{"count":3,"href":"https:\/\/www.quelplacement.fr\/blog\/index.php\/wp-json\/wp\/v2\/pages\/2\/revisions"}],"predecessor-version":[{"id":106,"href":"https:\/\/www.quelplacement.fr\/blog\/index.php\/wp-json\/wp\/v2\/pages\/2\/revisions\/106"}],"wp:attachment":[{"href":"https:\/\/www.quelplacement.fr\/blog\/index.php\/wp-json\/wp\/v2\/media?parent=2"}],"wp:term":[{"taxonomy":"post_tag","embeddable":true,"href":"https:\/\/www.quelplacement.fr\/blog\/index.php\/wp-json\/wp\/v2\/tags?post=2"}],"curies":[{"name":"wp","href":"https:\/\/api.w.org\/{rel}","templated":true}]}}